 5*o. Let r(v) = v**3 + 7*v**2 - 8*v + 10. What is r(j)?
10
Suppose 32*o = -19 + 147. Suppose 0 = -3*y + 6, o*y + 15 = 3*a + 5. Let u(q) = -2*q + 12. What is u(a)?
0
Let m(f) = -f**3 + 6*f**2 - 2*f - 8. Let q(g) = g**2 + 28*g + 54. Let i be q(-26). Suppose i = -b, 4*r - 4*b - 38 = -r. What is m(r)?
-20
Let a(t) = -3*t - 1. Let n(v) = 12 + 11 - 26 - 5*v. Let g(x) = 5*a(x) - 2*n(x). Let k(y) = -2*y. Let m(b) = -3*g(b) + 7*k(b). Calculate m(5).
2
Let w(h) be the second derivative of -h**7/2520 + h**6/90 - 3*h**5/40 + 19*h**4/6 + 4*h - 1. Let j(q) be the third derivative of w(q). Calculate j(7).
-2
Let q(b) = 8*b + 8 - 16*b**2 - 18*b**2 + 35*b**2. Let a(j) = -6*j - 1. Let w be a(-4). Suppose w*k + 21 = 20*k. Give q(k).
1
Let u(z) = -5*z + 14. Let v = -192 - -194. Give u(v).
4
Let f(l) = l**2 - 16*l - 12. Let s = -1815 - -1831. Determine f(s).
-12
Let s(j) = -j**3 + j - 1. Let i(o) be the third derivative of o**4/24 + 2*o**3/3 - o**2. Let c(t) = -43*t - 777. Let w be c(-18). Let d be i(w). Determine s(d).
-1
Let l(h) = 21 + 31 - 51*h + 55*h. Let a be l(-11). Let m(s) = -s**2 + 10*s + 3. Give m(a).
19
Let n = -23208 + 23231. Let i(t) = -2*t**2 + 47*t + 3. Calculate i(n).
26
Let z = 485/3009 - -11/2006. Let u(c) be the second derivative of -7/2*c**2 - z*c**3 + 1/12*c**4 - 7*c + 0. What is u(0)?
-7
Let v(c) = 12*c + 23. Let n(p) = -44*p - 90. Let z(g) = -4*n(g) - 15*v(g). Calculate z(3).
3
Let h(z) be the first derivative of 7*z**2 - 7. What is h(3)?
42
Let o(x) be the third derivative of x**7/504 + x**6/720 + 17*x**4/3 + 70*x**2. Let z(v) be the second derivative of o(v). Determine z(1).
6
Suppose 76*x - 74*x = 0. Suppose x = 2*b - 5*s - 79, -s + 2*s = -2*b + 73. Let n = b + -35. Let k(r) = 2*r**2 - 1. Calculate k(n).
7
Let a(h) = -h**3 + 4*h**2 + 6*h - 4. Suppose 5*z + 409 = 3*w, -4*z - 139 = -w - z. Let b = 43 - w. Let k be (-20)/b - ((-43)/9 + 0). What is a(k)?
1
Let i(r) = -78 - 56 + 139 - 57 + 6*r. Determine i(6).
-16
Let f(q) = 45*q - 245. Let c(u) = 28*u - 149. Let j(l) = -13*c(l) + 8*f(l). What is j(5)?
-43
Let u(n) = -19*n - 2*n**2 + 1 + 14*n + n**2. Suppose 0 = 5*t - 5, -2*g + 5 = t - 8. Let l(f) = 3*f**2 + 14*f - 3. Let i(v) = g*l(v) + 17*u(v). What is i(0)?
-1
Let u(f) = 4*f**2 - 3*f. Suppose 0*i - 80 = -5*i. Let d be 66/77 + i/14. Determine u(d).
10
Let x(v) = -v**2 - 11*v + 82. Let s be x(5). Let r(a) = 4*a - 18. Give r(s).
-10
Let n(g) = 4*g**3 - 53*g**2 + 15*g - 5. Let h(o) = o**3 - 16*o**2 + 5*o - 2. Let z(q) = -7*h(q) + 2*n(q). Calculate z(-7).
-10
Let w(c) = -c**2 + 11*c - 8. Suppose 3*l + 10 = 40. Let p be w(l). Let x(g) = -2*g + 2 + 0*g**2 - 5*g**2 + 3*g**p + g. What is x(-2)?
-4
Let g(j) = -j + 4. Suppose 5*b + 0*b = 40. Suppose 3*a - 6 = -5*v, 2*v + b*a - 2 = 7*a. Suppose 2*l = 3*y + y - 8, l + 4*y - 26 = v. Determine g(l).
-2
Let h(f) = 8*f**2 + 2*f + 5. Let y be h(-3). Let q = 177 - y. Let o(j) = -3 + 4 + 111*j**2 - q*j**2 - 3*j + 1. Determine o(2).
16
Let q(u) = -u - 10. Let j be q(-12). Let l(o) = -6 - 2 - j + o + 2. Suppose -8*g - 102 = -25*g. Give l(g).
-2
Let w(b) = 4*b**3 - b**2 + 3*b + 3. Let o be w(-1). Let k(y) = 2*y + 12. Let l(q) = -3*q - 19. Let c(f) = o*l(f) - 8*k(f). Determine c(8).
-9
Let a(d) be the first derivative of -17*d**2/2 + 24*d + 57. Let k(t) = -10*t + 12. Let f(u) = 4*a(u) - 7*k(u). What is f(-9)?
-6
Suppose 0 = -5*p - 10*p - 25 + 10. Let q(u) = 55*u**3 - u**2 - u + 1. Give q(p).
-54
Let b(v) = -v**2 + 31*v + 68. Let k(n) = -16*n - 815. Let l be k(-53). Calculate b(l).
2
Suppose -5*s + 4*o = -20, 5*s + 123*o + 10 = 121*o. Let c(d) = -27*d - 5. What is c(s)?
-5
Let o be 5/((-10)/(-9)) + (-10)/4. Let i(n) = -4*n + 93*n**2 - 1 - 49*n**2 - 43*n**o - n. Let s be (18/(-4))/(3/(-4)). Determine i(s).
5
Suppose 0 = 4*l + 30 - 26. Let z be 1/(l/(-5)*(-5)/(-3)). Let k(p) = -1 - 12*p**2 + 7*p - p**z + 7 - 13*p + 5*p**2. Calculate k(-6).
6
Let s(i) = -4*i**2 - 3*i + 3. Let y = 1712 - 1208. Let u = -501 + y. Determine s(u).
-42
Let x(z) be the third derivative of z**4/24 + z**3/6 + z**2. Suppose -306 = 4*m + 2*n, -m - 2*m + 4*n = 224. Let s = m - -78. Give x(s).
3
Let z(a) = 5*a**3 - a**2. Let g = 6 + -4. Let m be (g/(10/(-15)))/(-1). Let r be ((-1)/m)/(20/(-60)). What is z(r)?
4
Let o(m) = -m**3 + 3*m**2 + m - 63. Let x = 24099 - 24099. What is o(x)?
-63
Suppose -1224*v - 2*n = -1220*v + 34, 18 = -3*v - 3*n. Let s(h) = h**2 + 9*h + 15. Determine s(v).
37
Let v = -10 - -2. Let q be (-160)/(-26) - (-34)/(-221). Let h(p) = -3*p**2 + 2*p**2 - 2 + q*p**2 + p**3 + 3*p**2. What is h(v)?
-2
Let p(a) = -a**3 + 2*a**2 + 5*a - 2. Let o(f) be the second derivative of -f**5/10 + f**4/2 + f**3/2 - f**2 + 39*f. Let l be o(-1). Give p(l).
4
Let q(u) = -u**3 + 6*u**2 - 7*u + 6. Suppose 4 = -169*l + 170*l. Suppose -l*r = 10 - 22. Let t(v) = -v**3 + 5*v**2 - 5*v + 2. Let m be t(r). Determine q(m).
-4
Suppose -3*w = -w + 5*z - 1, 0 = -w + 5*z + 23. Suppose w*d = -3*y + 13*d - 1, -2*y + 16 = 5*d. Let o(i) = 3*i - 2. Determine o(y).
7
Let m(y) = -y**2 - 8*y + 8. Let d be m(-7). Let c be (-2 + 48/9)*d/10. Let f(w) = 10*w - w**2 - 2*w - 2*w. Give f(c).
5
Let p = 7541 + -7545. Let t(a) = a**2 - 5*a - 14. Determine t(p).
22
Let j be (5/((-60)/16) - -1)/((-19)/171). Let k(o) = -8*o**2 + 6*o - 4. What is k(j)?
-58
Suppose -4*o - 3*k = -0 - 3, -k = 3*o - 6. Let z(c) = -1 + 2*c + c + 554*c**2 - 557*c**2. What is z(o)?
-19
Let c(d) = -2*d**2 + 17*d. Suppose -3*i = t - 27, -2*i = -2*t - 2*t - 32. Let f be c(i). Let r = f + 26. Let b(k) = -k**3 - 4*k**2 - 2*k - 1. What is b(r)?
7
Let i = 21 + -16. Suppose -5*g - 5 = 7*k - 2*k, -i*k = -4*g - 13. Let q(w) = 2*w**3 + 2*w**2 + 2*w + 2. Calculate q(g).
-10
Let u(m) = m - 13 + 13 + m. Let y(t) be the second derivative of -t**3/3 - 13*t**2/2 + 5*t. Let s be y(-6). What is u(s)?
-2
Let i(l) = -2*l**2 - 11*l + 1. Let t be i(-5). Suppose 4*y + 4 = 3*h + h, -y + 2*h - t = 0. Let c(x) = -3*x**3 + 2*x**3 + 7*x**2 + y + 3*x + 5*x. Give c(8).
4
Let d = -126 - -58. Let a be 1241/d - 1/(-4). Let t be a/(2 - (-1 + 5)). Let b(c) = c - 6. What is b(t)?
3
Let g(s) = -s**3 - s + 1. Let m be g(0). Let i(l) = 10 + 2*l**2 + 2 + 4*l**2 - 15 - 2 + 4. Determine i(m).
5
Let z(n) = -53*n - 74*n + 4 - 62*n + 190*n + 0. Let y = 21 - 30. Calculate z(y).
-5
Let h(d) = 5*d. Let u be h(-1). Let k(i) be the second derivative of 31*i - 3 - 3/2*i**2 - 1/3*i**3. Give k(u).
7
Let g(i) be the first derivative of i**4/4 - i**3 - 2*i**2 + 6*i + 1316. Let t(j) = -2*j - 12. Let v = 13 + -21. Let c be t(v). What is g(c)?
6
Suppose 5*q = -14 - 11. Let g = -46 - -57. Let w(a) = -g*a + 2 - 11*a + 21*a - 4. What is w(q)?
3
Let c(b) = 8*b - 5*b + b**2 + 0*b + 10*b - 9. Let z = -13941 + 13928. What is c(z)?
-9
Let o(y) = y - 1. Let m(r) = r**2 + 1. Let f(z) = -29*z + 62. Let s(x) = -f(x) + m(x). Let l(v) = 18*v + 365. Let a be l(-22). Let b be s(a). What is o(b)?
0
Suppose 2*w - 42 = -12*w. Suppose -3*m = -0*m + w*h - 3, 0 = 5*m + 4*h - 4. Let r(v) = -5 + v**2 - 3 + m*v - 10*v + 4*v. Determine r(7).
-1
Let x(c) = 12 + 8*c + 2*c - 22 + c**2 + 12 + 1. Determine x(-7).
-18
Let f = -14 - -14. Let a(v) = -3*v**3 + 5*v**2 + 4*v + 10. Let n = 19 - 28. Let u(m) = -7*m**3 + 11*m**2 + 9*m + 21. Let k(d) = n*a(d) + 4*u(d). Determine k(f).
-6
Let c be 2/6*(-4 - (-28)/7). Let z(d) = -5*d + 4 + d - d**2 + 5*d - 9. What is z(c)?
-5
Let p(o) be the third derivative of 101*o**2 + 2/3*o**3 - 1/8*o**4 + 0 + 0*o. Give p(8).
-20
Let k(w) = w**3 + 26*w**2 + 28*w + 79. Let d be k(-25). Let u(z) = -d*z**3 - 5*z**3 - 12*z - 5 - 8*z**2 + 6*z**3 + 4*z**3. Calculate u(9).
-32
Let z(i) be the first derivative of -i**4/4 - 4*i**3 + i**2/2 + 17*i + 12655. Suppose -2*o - o - 36 = 0. Determine z(o).
5
Suppose 25 = -5*w, 2*w - 12 + 67 = -5*z. Let l(s) = 4*s + 6*s - 8*s**2 + 2*s - s**3 - 2 + 3. Determine l(z).
-26
Suppose -2*z - 6 = -5*z. Suppose 0 = 26*u - 8*u - 54. Let n(q) = 3*q**u - 4*q**3 + 4*q**z + 0 - 2 + 0*q**2. What is n(4)?
-2
Let q be 9 + 11 - (1 - 2). Suppose q - 16 = -5*w. Let s(m) = 38*m**3 + 2*m**2 + m. What is s(w)?
-37
Let l(s) be the second derivative of -s**3/3 + 11*s**2/2 - 9*s + 24. Determine l(-8).
27
Let l be 6/(-45)*-5*-1*3. Let u(j) = -19*j - 15. Let v be u(l). Let n(z) = -3 + 14*z + 11*z - v*z. Calculate n(-3).
-9
Let q(t) = -t**2 + 1 - t**3 - 3 + 0. 